se 73*r - 70*r = j. What is the tens digit of r?
3
Let d be (-7)/((-84)/(-488))*(-45 + 0). Suppose 0 = -7*n + 2*n + d. What is the units digit of n?
6
Suppose -q - 2*y + 1966 = 0, -q + 0*y + 1969 = y. Let u(z) = -z**2 + 4*z - 1. Let p be u(3). What is the tens digit of p*6/(-20) - q/(-20)?
9
Suppose 31 + 39 = c. Let w = c - -144. Let z = w - 124. What is the tens digit of z?
9
Let h(n) = 209*n - 5. Let x be 579/(-15) + 3 + (-8)/20. Let d be -4*(-3)/x + (-4)/(-3). What is the units digit of h(d)?
4
What is the hundreds digit of (-11)/1 + 25 - -866?
8
What is the hundreds digit of 1845200/150 + (-22)/(-2) + 2/(-6)?
3
Suppose -2*d + 2*g = 72, 4*d + 15 = -4*g - 97. Let k = 316 + d. What is the hundreds digit of k?
2
Let g = 534 - -221. Suppose -9*h + g = -4*h. Let a = h - 82. What is the units digit of a?
9
Suppose 0*c + 5*v + 3 = c, 5*c + 4*v - 15 = 0. Suppose 5*n + 23 = c. What is the tens digit of (4 - 313)*(1 - n/(-3))?
0
What is the ten thousands digit of 0/(-18) + (2 - -15529) + 5?
1
Suppose 8*v - 5474 = 23425 + 29. What is the thousands digit of v?
3
What is the units digit of ((-4091)/2)/((-418)/(-44) - 10)?
1
Let v(f) = f**3 - 16*f**2 - 13*f - 25. Let n(y) = 19*y - 4. Let p be n(3). Suppose -19 = -2*g - 5*i + 10, 3*g - 2*i = p. What is the units digit of v(g)?
3
What is the hundreds digit of (-93701920)/1482*12/(-10)?
8
Let n(w) = -w**3 + 3*w**2 + 4*w + 3. Let i be n(4). Suppose -5*u + 40 = 2*h + 294, 415 = -i*h + u. Let j = -95 - h. What is the units digit of j?
2
Let n be (30/4)/((7 + -6)/6). Let k = 28 - n. Let c(a) = a**2 + 15*a - 10. What is the units digit of c(k)?
4
Let l(i) be the first derivative of i**3/3 - 3*i**2 - 23*i + 93. Suppose -2*h + 33 = h. What is the units digit of l(h)?
2
Let b = 86 - 78. Let f(u) = 24 - 1662*u + 1632*u - b. What is the hundreds digit of f(-4)?
1
What is the units digit of (-12)/24 + 206330/20?
6
Let h(k) = k + 4. Let y be h(-1). Suppose 0 = -4*g - y*z + 405, 0 = -5*g + 4*g + 4*z + 106. Let t = g + -34. What is the tens digit of t?
6
Suppose -3*h = 4*g - g - 15, -4*g = -2*h - 2. What is the units digit of (h - 2)*199 + -1?
8
Let z be (330/(-35))/(((-1)/(-7))/(-1)). Suppose -z + 473 = 11*o. Suppose -6*u + 7*u = o. What is the tens digit of u?
3
Let p(i) = -i**2 - 8*i - 3. Let n be p(-7). Suppose -2*m = -n*y + m + 17, 0 = -4*y - 2*m + 2. Suppose -f = y - 17. What is the tens digit of f?
1
Suppose -23 + 3 = -10*d. Let n(k) = 3*k - k**2 - 18 + 0*k**d + 7 + 2*k**2. What is the tens digit of n(8)?
7
Let d = -309 - -309. Suppose 4*p + 4*w - 1031 - 413 = d, 0 = -2*p + 5*w + 736. What is the tens digit of p?
6
Suppose 255*k - 9033609 = -1567719. What is the ten thousands digit of k?
2
What is the hundreds digit of 30*((-916)/20 - 5)*(-6 + 1)?
6
Suppose a + x + 155119 = 4*a, -a + 5*x = -51697. What is the units digit of a?
7
Let l be (-55)/(-66)*(-8)/(-10)*810. Suppose m - 3*u = -0*u + l, -5*m + 4*u + 2656 = 0. What is the hundreds digit of ((-6)/(-72)*6)/(2/m)?
1
Let t = 21264 - -13602. What is the hundreds digit of t?
8
Let b(m) = -15*m**3 - 19*m**2 + 18*m + 96. What is the tens digit of b(-5)?
0
Suppose 3*p = -2*p - 720. Let s = 56 + -127. Let j = s - p. What is the tens digit of j?
7
Let r(x) = -x**3 + 4*x**2 - 8*x + 16. Let u be r(3). Let o(w) = 226*w**3 - 2*w**2 + 3*w. What is the tens digit of o(u)?
2
Let y = 214 - 64. Let d be 25/y - 22/(-12). Suppose -p = 2*g, d*p - 5*g = 8 + 10. What is the units digit of p?
4
Let g be -7 - -761 - 3 - (3 - 0). Suppose -j + 199 = 5*o, 0 = -7*j + 3*j - 4*o + g. What is the hundreds digit of j?
1
Suppose 3*j - 10 = -o, -18*j + 14*j + 10 = 3*o. Let q(m) = 0*m - 7*m**2 - 2 - 9 + 64*m**2 - 6*m. What is the units digit of q(o)?
9
What is the units digit of ((-1053)/36 - -27)/(2*(-1)/15888)?
4
Let f = 50538 - 31626. What is the thousands digit of f?
8
Let c = 88 + -131. What is the tens digit of (-2 - c)/(-5 - (-392)/77)?
5
Suppose -2*w + 15798 = -4*h, 38*w = 35*w - h + 23662. What is the units digit of w?
9
Suppose -447 = -6*i + 783. Suppose x = 4*x + h + i, 2*h - 73 = x. Let b = x + 231. What is the tens digit of b?
6
Suppose -8*i + 10*i = 4. Let n be ((-80)/3*-3)/(i/4). What is the hundreds digit of (-4 - -1)*(n/(-3) + 3)?
1
Let v(r) = 39*r**2 + 57*r - 693. What is the tens digit of v(16)?
0
Let g be -2 + (696/1)/3. Suppose -v - 30 = -32, 5*d = -5*v + 40. What is the hundreds digit of ((-114)/15 + d)/((-2)/g)?
1
Let r(a) = -a + 16. Let i be r(-6). What is the tens digit of ((-32)/i)/(-8) + (-11282)/(-22)?
1
Suppose -2*f = 4*w - 14, 3*f + f - 12 = 0. Let s be ((-3)/w)/((-5)/30). What is the units digit of (6 + -26)/(0 - 2/s)?
0
Suppose 755714 = 40*w - 78872 - 787214. What is the thousands digit of w?
0
Let a = -193 + 85. Let j = a - -199. What is the tens digit of j?
9
Suppose 0 = -61*o - 70155 + 284047 + 188891. What is the thousands digit of o?
6
Let t = -33145 + 48571. What is the ten thousands digit of t?
1
Let o = 5 + 5. Suppose -3*s - o = 20. Let i(r) = -17*r - 55. What is the hundreds digit of i(s)?
1
Let n(o) = 96*o + 621. What is the units digit of n(34)?
5
Let v(h) = -h**3 - 48*h**2 - 101*h - 129. What is the ten thousands digit of v(-58)?
3
Let l(g) = g**2 + 5*g - 3. Let j(x) = 2*x - 6. Let r be j(4). Let h be l(r). Suppose -5*o + h*o - 396 = 0. What is the units digit of o?
6
Suppose 2*g = 0, g = -4*z - 7*g + 18432. What is the hundreds digit of z?
6
Let m = 101 - 979. Let v = 371 - m. What is the tens digit of v?
4
Suppose 0*b - 55 = -5*b. Let u = b - -35. Let f = u - 43. What is the units digit of f?
3
Suppose 4*r + 10*f - 6*f - 2304 = 0, 5*r - 2884 = -3*f. Let q = 18 + r. What is the hundreds digit of q?
5
Suppose -76*i - 6 = -79*i. Suppose -2*p - 33 = -s - 4*p, -5*s + 2*p + 201 = 0. What is the tens digit of s*(i/7 - 232/(-168))?
6
Let d(b) = -6*b**2 - 150*b + 39. Let j be d(-25). Suppose y - 3*g + 127 = -8*g, -3*g + 159 = -y. Let o = j - y. What is the hundreds digit of o?
1
Let m(a) = 92*a - 38. Let r be m(4). Let o = r - 256. What is the units digit of o?
4
Let t(p) = -24*p - 259. Let n be t(29). Let l = n + 2185. What is the hundreds digit of l?
2
Let k be 4 + (-20)/5 + -1. Let l be (-20)/(-6)*12*k/(-8). Suppose -198 - 167 = -l*c. What is the tens digit of c?
7
Suppose 78599 = -20*j + 317119. What is the units digit of j?
6
Let d be ((-1632)/36 - 8)/(1/3). What is the tens digit of d/((-46)/112 + 8/28)?
8
Suppose 8*m + 11*m = 97059 + 58665. What is the thousands digit of m?
8
Suppose -4*w - 8*n = -13*n - 2799, w - 705 = -4*n. What is the hundreds digit of w?
7
Let p be (2/2)/(2/12*-3). What is the hundreds digit of 0 - 257*p - (2 + -4)?
5
Let l(h) = -14*h. Let z be l(1). Let t = z - 6. What is the tens digit of (-16)/(-2 - 35/t)?
6
Let m = -958 - -1834. Suppose -m*q - 3913 = -883*q. What is the units digit of q?
9
Suppose -2*d = -0*q + 3*q + 32, 4*d = 4*q - 24. Let o be (-3 - 17)*d/4 - 1. What is the units digit of 14/o + 24/14?
2
Let b(u) = -5*u + u + 3 + 2*u + 33. Let m be b(18). Suppose -4*n + 6*n - 98 = m. What is the units digit of n?
9
Suppose -335 = -6*w + 49. Let k = w + -58. Suppose k*g - 5*g - 49 = 0. What is the tens digit of g?
4
What is the units digit of (-256077)/(-7) - 23*90/4830?
2
Let d = 11 - -5. Suppose 0 = -13*v + d*v - 57. Suppose -z + 2*z = -2*a + v, -21 = -z - a. What is the tens digit of z?
2
Suppose -4*w + 168648 = 3*n + n, 4*n - 20 = 0. What is the units digit of w?
7
Let h(v) = -2*v**2 - 39*v + 4. Suppose -2*p + 5*p + 49 = 2*m, 4*m = -p - 35. What is the units digit of h(p)?
3
Suppose -17 = -4*m + 199. Suppose m*z - 41*z - 11791 = 0. What is the hundreds digit of z?
9
What is the ten thousands digit of 54 + (-12307581)/(-584) - (-1)/((-16)/(-6))?
2
Let g(w) = 5*w**2 - 22*w - 8. Let i be g(-7). Let c = 407 + i. What is the tens digit of c?
9
Suppose 16761 = 4*a + s, -5*a - 3*s + 4*s + 20949 = 0. What is the units digit of a?
0
Suppose -2*a + 289 + 9 = i, -884 = -3*i - a. Suppose 5*s + s - i = 0. Let c = 77 - s. What is the tens digit of c?
2
Let l be -3 + 7 + (-2)/(-2)*-5. What is the tens digit of -75*(-2 + l)*1?
2
Suppose -3*m + 4*m = 4*d + 11, 0 = -m + 3*d + 15. Suppose -m*t - 14529 + 43473 = 0. What is the units digit of t?
2
Let j be -24*-3*53/(-9). Let h = 173 - j. What is the tens digit of h?
9
Suppose -w - 3829 = 